928
Convert 7a9a02 (base 14) to base 3.
21212010211100
108405 (base 9) to base 14
19a9c
8ecb3 (base 15) to base 2
1101111000111001110
-236106104 (base 7) to base 13
-3087458
1772210 (base 8) to base 15
a471c
-289298 (base 12) to base 6
-22321512
-10367 (base 10) to base 6
-115555
-266374 (base 8) to base 6
-2000324
Convert 471ec (base 15) to base 8.
672414
What is 224133403 (base 5) in base 3?
1220002020221
What is -334124455 (base 6) in base 5?
-3023423231
Convert -240357 (base 9) to base 14.
-3a9d3
Convert 181b07 (base 14) to base 11.
530731
13343420 (base 5) to base 8
414220
What is 37109d (base 14) in base 3?
10112210002201
What is 2433123411 (base 5) in base 7?
66626002
What is -189c6 (base 14) in base 9?
-104418
128b6 (base 13) to base 7
202312
What is 24307 (base 12) in base 2?
1011111010110111
Convert -1255353 (base 6) to base 7.
-410550
What is -105d6d (base 14) in base 2?
-10000111010011001101
What is -61636000 (base 7) in base 14?
-987a70
What is 34394a (base 12) in base 9?
1513664
Convert 50514332 (base 6) to base 10.
1440848
What is 2643327 (base 10) in base 7?
31316331
What is 25002161 (base 7) in base 9?
4177325
141675 (base 10) to base 15
2bea0
Convert 143241134 (base 5) to base 8.
2712207
-53735 (base 9) to base 11
-24816
Convert -148a484 (base 11) to base 14.
-4a41ab
Convert -101212120211 (base 3) to base 11.
-136888
-228532 (base 12) to base 6
-15511302
What is 826f (base 16) in base 13?
12277
What is -1002201002021 (base 3) in base 9?
-1081067
2320216 (base 7) to base 16
46f48
-3154748 (base 10) to base 14
-5c1992
Convert 727708 (base 9) to base 10.
432143
Convert 397268 (base 12) to base 10.
945584
What is -445918 (base 11) in base 4?
-2231132003
What is 31337372 (base 8) in base 14?
c58078
Convert -108162 (base 11) to base 4.
-221331300
What is 4113420204 (base 5) in base 2?
11111110100100110101001
Convert 302133213322 (base 4) to base 13.
2985bb0
Convert 10110110000011000001 (base 2) to base 9.
1355766
What is 10420024 (base 5) in base 9?
150038
What is -2937160 (base 10) in base 16?
-2cd148
Convert -35753 (base 15) to base 12.
-82743
What is 53566 (base 9) in base 16?
8a81
What is 22675517 (base 8) in base 2?
10010110111101101001111
What is 16373b4 (base 12) in base 15?
5ee44d
-20011234 (base 5) to base 10
-157069
What is 2433553 (base 7) in base 6?
10400001
What is 5db446 (base 14) in base 12?
10b3206
What is -35ae5 (base 15) in base 4?
-221303033
Convert -140a98 (base 11) to base 10.
-220932
Convert 1203000013 (base 4) to base 8.
1430007
-75795 (base 10) to base 5
-4411140
-4400038 (base 10) to base 9
-8245641
Convert -1111011001100010011 (base 2) to base 11.
-315123
-31440112 (base 6) to base 13
-264044
Convert 11102110021 (base 4) to base 12.
569b21
What is 569a7 (base 11) in base 7?
462140
cac90 (base 13) to base 9
618187
Convert -45554012 (base 7) to base 14.
-758542
What is -145ca0 (base 15) in base 3?
-1211212111120
133120022 (base 4) to base 14
34ba2
What is 155351234 (base 6) in base 9?
6254274
1000001011010101100011 (base 2) to base 10
2143587
Convert -23da9 (base 15) to base 9.
-184006
Convert 2299013 (base 12) to base 6.
355000023
Convert 113ef0d (base 16) to base 6.
1443332205
Convert -40406116 (base 7) to base 3.
-20022212212211
What is 23032222 (base 4) in base 5?
2432434
What is -23112313 (base 6) in base 8?
-2551525
Convert 200334 (base 9) to base 2.
11100111001100100
Convert 11232332301 (base 4) to base 2.
101101110111110110001
-7555827 (base 9) to base 3
-21121212220221
-726611 (base 9) to base 7
-3444352
Convert -102220100100 (base 3) to base 13.
-82821
Convert 51232012 (base 6) to base 10.
1466216
What is -27a2853 (base 11) in base 5?
-2213224302
What is -25447 (base 8) in base 11?
-8333
What is 511121 (base 6) in base 2?
1001110111111001
120254 (base 10) to base 2
11101010110111110
Convert -544b61 (base 12) to base 10.
-1335673
What is 67152 (base 13) in base 9?
314436
Convert -3763773 (base 10) to base 5.
-1430420043
What is -12113242 (base 5) in base 6?
-2233444
Convert -33357 (base 11) to base 16.
-bcd5
What is 499a3 (base 13) in base 15?
2a2eb
Convert 783a7 (base 13) to base 2.
110101010000100011
142140321 (base 5) to base 8
2645366
Convert 2124342 (base 6) to base 12.
506b2
Convert -33c80 (base 13) to base 3.
-11210111112
Convert -16b937 (base 14) to base 4.
-3003120331
Convert -2e71c8 (base 15) to base 16.
-225b12
Convert -1eb353 (base 16) to base 8.
-7531523
-1068758 (base 11) to base 12
-762899
2672278 (base 14) to base 5
14222422124
What is -1124433 (base 6) in base 9?
-87563
What is -5614260 (base 7) in base 9?
-1265550
-74047 (base 13) to base 6
-4250314
1001221002101 (base 3) to base 8
2130105
22321101 (base 4) to base 15
d350
What is -3033131 (base 4) in base 3?
-200012202
Convert -3557151 (base 8) to base 2.
-11101101111001101001
-1a2722 (base 12) to base 6
-13512442
What is 2252763 (base 8) in base 10?
611827
What is -100220020212 (base 3) in base 11?
-123417
-111101110111001110011 (base 2) to base 16
-1eee73
What is 234665 (base 14) in base 15?
18b742
Convert 1644167 (base 9) to base 8.
3373135
Convert c380a (base 13) to base 14.
91b2d
What is 2110122112 (base 3) in base 9?
73575
Convert -970c (base 16) to base 10.
-38668
Convert -144027 (base 8) to base 12.
-25787
Convert -329649 (base 10) to base 9.
-552166
What is -10217114 (base 8) in base 15?
-2cd164
Convert 1a9278 (base 12) to base 7.
4004312
What is -530123 (base 7) in base 16?
-164a8
Convert 7a745 (base 11) to base 3.
12221001222
22d44 (base 15) to base 14
2c63b
-121003 (base 9) to base 8
-216307
Convert 2433214 (base 6) to base 11.
88a44
8768 (base 11) to base 6
125321
Convert -53361a5 (base 11) to base 15.
-c5821d
-2a046 (base 11) to base 13
-16542
What is 567762 (base 10) in base 3?
1001211211020
-1330144140 (base 5) to base 2
-1100110101101010101001
-5da5ad (base 14) to base 13
-888414
What is 203000000 (base 4) in base 13?
50339
Convert 21122111221222 (base 3) to base 6.
223042512
What is 75223 (base 8) in base 7?
160325
a096 (base 11) to base 9
20355
Convert 11000111100011100 (base 2) to base 12.
4b164
Convert -10a2812 (base 11) to base 6.
-105104210
What is 5a1bc (base 16) in base 3?
200202021210
Convert -101011101111000 (base 2) to base 7.
-122166
-25678153 (base 9) to base 2
-110000001011010101001101
What is 1001000001011100001 (base 2) in base 15?
5c8ee
Convert 3516120 (base 9) to base 2.
111010000000000111010
What is af0 (base 16) in base 11?
2116
What is -10011011100001011011 (base 2) in base 5?
-130341034
-11100100000111111 (base 2) to base 12
-57713
113042244 (base 5) to base 8
1764461
Convert -15b96b4 (base 12) to base 10.
-4474792
What is -2d3067 (base 14) in base 16?
-182913
12a509 (base 13) to base 5
103414424
What is -b802c (base 14) in base 13?
-127477
Convert 532505213 (base 6) to base 13.
1c31619
710073 (base 9) to base 12
183056
Convert -146ac (base 16) to base 14.
-22696
Convert 1551405 (base 6) to base 11.
63453
2220122223 (base 5) to base 6
251530250
Convert 12813 (base 12) to base 7.
133635
10000010010010000 (base 2) to base 4
100102100
Convert -1170176 (base 9) to base 5.
-130332232
-230305 (base 10) to base 15
-4838a
Convert 2068014 (base 10) to base 4.
13320320232
103216 (base 8) to base 12
17b26
What is -3828565 (base 9) in base 4?
-13331103311
Convert -202222220 (base 3) to base 16.
-3bca
What is 1467815 (base 10) in base 11?
912878
Convert 3180e (base 16) to base 13.
713a5
2627286 (base 11) to base 10
4548363
-2211021211111 (base 3) to base 5
-341022433
Convert -120213102 (base 4) to base 12.
-4a416
What is -590211 (base 12) in base 15?
-1d405a
What is -275323 (base 9) in base 8?
-507776
Convert 365918 (base 15) to base 3.
11220010121212
3402212 (base 8) to base 11
578231
Convert -9b588 (base 13) to base 11.
-183001
Convert -1332864 (base 12) to base 15.
-500b17
Convert 393fe (base 16) to base 7.
1664441
What is 48eeb0 (base 16) in base 5?
2210422241
52a36 (base 14) to base 16
30b98
Convert -3056613 (base 10) to base 16.
-2ea3e5
What is -212424504 (base 6) in base 13?
-a1b936
What is 10000001001010000001100 (base 2) in base 6?
230413312
What is -13403235 (base 7) in base 16?
-12fec7
Convert -360360 (base 7) to base 9.
-108160
What is f1c72 (base 16) in base 3?
1212022110121
Convert 5731